{"id":2328,"date":"2025-11-15T12:17:13","date_gmt":"2025-11-15T15:17:13","guid":{"rendered":"https:\/\/hechosdetango.com.ar\/?page_id=2328"},"modified":"2025-11-17T16:18:22","modified_gmt":"2025-11-17T19:18:22","slug":"radio","status":"publish","type":"page","link":"https:\/\/hechosdetango.com.ar\/?page_id=2328","title":{"rendered":"Radio Online"},"content":{"rendered":"\n<div style=\"text-align: center; margin-bottom: 40px;\">\nSi te gusta nuestra radio, por favor considera invitarnos un Cafecito. Una peque\u00f1a colaboraci\u00f3n nos ayuda a mantener viva esta pasi\u00f3n y garantiza que el Tango siga sonando libre para todos.<\/BR><\/BR>\n    <a href='https:\/\/cafecito.app\/hechosdetango' rel='noopener' target='_blank'>\n        <img srcset='https:\/\/cdn.cafecito.app\/imgs\/buttons\/button_4.png 1x, https:\/\/cdn.cafecito.app\/imgs\/buttons\/button_4_2x.png 2x, https:\/\/cdn.cafecito.app\/imgs\/buttons\/button_4_3.75x.png 3.75x' src='https:\/\/cdn.cafecito.app\/imgs\/buttons\/button_4.png' alt='Invitame un caf\u00e9 en cafecito.app' \/>\n    <\/a>\n<\/div>\n\n\n<div\n    id=\"h5ap-player-1\"\n    data-id=\"h5ap-player-1\"\n    data-attributes=\"{&quot;source&quot;:&quot;https:\\\/\\\/argentina.republicahosting.com:1376\\\/live&quot;,&quot;title&quot;:&quot;Hechos de Tango Radio Online&quot;,&quot;subtitle&quot;:&quot;Llevate todo el tango con vos&quot;,&quot;statusText&quot;:&quot;En vivo&quot;,&quot;skin&quot;:&quot;CompactHorizontal&quot;,&quot;align&quot;:&quot;&quot;,&quot;alignment&quot;:&quot;center&quot;,&quot;sourceType&quot;:&quot;stream&quot;,&quot;poster&quot;:&quot;&quot;,&quot;styles&quot;:{&quot;playIcon&quot;:{&quot;bg&quot;:&quot;#fff&quot;},&quot;trackColor&quot;:null,&quot;radioIconColor&quot;:&quot;#0D77F8&quot;,&quot;statusText&quot;:{&quot;color&quot;:&quot;rgb(248, 113, 113, 1)&quot;},&quot;border&quot;:{&quot;radius&quot;:&quot;3px&quot;},&quot;title&quot;:{&quot;typography&quot;:{&quot;fontSize&quot;:&quot;18px&quot;}}},&quot;artist&quot;:&quot;&quot;,&quot;color&quot;:&quot;#87ceeb&quot;,&quot;titleColor&quot;:&quot;#333&quot;,&quot;loader&quot;:false,&quot;width&quot;:&quot;500px&quot;,&quot;radius&quot;:&quot;0px&quot;,&quot;options&quot;:{&quot;controls&quot;:{&quot;restart&quot;:false,&quot;rewind&quot;:false,&quot;play&quot;:true,&quot;fast-forward&quot;:false,&quot;progress&quot;:true,&quot;duration&quot;:false,&quot;current-time&quot;:true,&quot;mute&quot;:true,&quot;volume&quot;:true,&quot;settings&quot;:true,&quot;download&quot;:false}},&quot;isSticky&quot;:false,&quot;CSS&quot;:&quot;&quot;,&quot;defaultValue&quot;:{&quot;Default&quot;:{&quot;primaryColor&quot;:&quot;#4A5464&quot;,&quot;controlColor&quot;:&quot;#4A5464&quot;,&quot;bgColor&quot;:&quot;#F5F5F5&quot;}}}\"\n    data-nonce=\"3b6a4398c7\"\n    class=\"align wp-block-h5ap-radio-player\">\n    <\/div>\n\n\n\n<p><\/p>\n\n\n\n<p><strong>Canciones recientes:<\/strong><\/p>\n\n\n\n<div class=\"cc_recenttracks_list\" data-username=\"hechosdetango\">Cargando &#8230;<\/div>\n\n\n\n<p><\/p>\n","protected":false},"excerpt":{"rendered":"<p>Si te gusta nuestra radio, por favor considera invitarnos un Cafecito. Una peque\u00f1a colaboraci\u00f3n nos ayuda a mantener viva esta [&hellip;]<\/p>\n","protected":false},"author":1,"featured_media":0,"parent":0,"menu_order":0,"comment_status":"closed","ping_status":"closed","template":"","meta":{"site-sidebar-layout":"default","site-content-layout":"","ast-site-content-layout":"default","site-content-style":"default","site-sidebar-style":"default","ast-global-header-display":"","ast-banner-title-visibility":"","ast-main-header-display":"","ast-hfb-above-header-display":"","ast-hfb-below-header-display":"","ast-hfb-mobile-header-display":"","site-post-title":"","ast-breadcrumbs-content":"","ast-featured-img":"","footer-sml-layout":"","theme-transparent-header-meta":"","adv-header-id-meta":"","stick-header-meta":"","header-above-stick-meta":"","header-main-stick-meta":"","header-below-stick-meta":"","astra-migrate-meta-layouts":"default","ast-page-background-enabled":"default","ast-page-background-meta":{"desktop":{"background-color":"var(--ast-global-color-5)","background-image":"","background-repeat":"repeat","background-position":"center center","background-size":"auto","background-attachment":"scroll","background-type":"","background-media":"","overlay-type":"","overlay-color":"","overlay-opacity":"","overlay-gradient":""},"tablet":{"background-color":"","background-image":"","background-repeat":"repeat","background-position":"center center","background-size":"auto","background-attachment":"scroll","background-type":"","background-media":"","overlay-type":"","overlay-color":"","overlay-opacity":"","overlay-gradient":""},"mobile":{"background-color":"","background-image":"","background-repeat":"repeat","background-position":"center center","background-size":"auto","background-attachment":"scroll","background-type":"","background-media":"","overlay-type":"","overlay-color":"","overlay-opacity":"","overlay-gradient":""}},"ast-content-background-meta":{"desktop":{"background-color":"var(--ast-global-color-4)","background-image":"","background-repeat":"repeat","background-position":"center center","background-size":"auto","background-attachment":"scroll","background-type":"","background-media":"","overlay-type":"","overlay-color":"","overlay-opacity":"","overlay-gradient":""},"tablet":{"background-color":"var(--ast-global-color-4)","background-image":"","background-repeat":"repeat","background-position":"center center","background-size":"auto","background-attachment":"scroll","background-type":"","background-media":"","overlay-type":"","overlay-color":"","overlay-opacity":"","overlay-gradient":""},"mobile":{"background-color":"var(--ast-global-color-4)","background-image":"","background-repeat":"repeat","background-position":"center center","background-size":"auto","background-attachment":"scroll","background-type":"","background-media":"","overlay-type":"","overlay-color":"","overlay-opacity":"","overlay-gradient":""}},"h5ap_radio_sources":[],"footnotes":""},"class_list":["post-2328","page","type-page","status-publish","hentry"],"_links":{"self":[{"href":"https:\/\/hechosdetango.com.ar\/index.php?rest_route=\/wp\/v2\/pages\/2328","targetHints":{"allow":["GET"]}}],"collection":[{"href":"https:\/\/hechosdetango.com.ar\/index.php?rest_route=\/wp\/v2\/pages"}],"about":[{"href":"https:\/\/hechosdetango.com.ar\/index.php?rest_route=\/wp\/v2\/types\/page"}],"author":[{"embeddable":true,"href":"https:\/\/hechosdetango.com.ar\/index.php?rest_route=\/wp\/v2\/users\/1"}],"replies":[{"embeddable":true,"href":"https:\/\/hechosdetango.com.ar\/index.php?rest_route=%2Fwp%2Fv2%2Fcomments&post=2328"}],"version-history":[{"count":7,"href":"https:\/\/hechosdetango.com.ar\/index.php?rest_route=\/wp\/v2\/pages\/2328\/revisions"}],"predecessor-version":[{"id":2337,"href":"https:\/\/hechosdetango.com.ar\/index.php?rest_route=\/wp\/v2\/pages\/2328\/revisions\/2337"}],"wp:attachment":[{"href":"https:\/\/hechosdetango.com.ar\/index.php?rest_route=%2Fwp%2Fv2%2Fmedia&parent=2328"}],"curies":[{"name":"wp","href":"https:\/\/api.w.org\/{rel}","templated":true}]}}